{"id":192,"date":"2024-05-06T02:32:44","date_gmt":"2024-05-06T02:32:44","guid":{"rendered":"https:\/\/bado.mx\/english\/?page_id=192"},"modified":"2025-05-02T13:57:19","modified_gmt":"2025-05-02T19:57:19","slug":"mexican-customs-law","status":"publish","type":"page","link":"https:\/\/bado.mx\/english\/mexican-customs-law\/","title":{"rendered":"MEXICAN CUSTOMS LAW"},"content":{"rendered":"[et_pb_section fb_built=&#8221;1&#8243; fullwidth=&#8221;on&#8221; _builder_version=&#8221;4.16&#8243; _module_preset=&#8221;default&#8221; bottom_divider_color=&#8221;#C91A3A&#8221; bottom_divider_height=&#8221;43px&#8221; global_colors_info=&#8221;{}&#8221;][et_pb_fullwidth_slider _builder_version=&#8221;4.27.4&#8243; _module_preset=&#8221;default&#8221; custom_padding=&#8221;||||false|false&#8221; custom_padding_tablet=&#8221;||||false|false&#8221; custom_padding_phone=&#8221;||||false&#8221; custom_padding_last_edited=&#8221;on|desktop&#8221; auto=&#8221;on&#8221; custom_css_free_form=&#8221;selector .et_pb_slide_description{||    padding: 12.75% 8%;||}&#8221; locked=&#8221;off&#8221; global_colors_info=&#8221;{}&#8221;][et_pb_slide _builder_version=&#8221;4.27.4&#8243; _module_preset=&#8221;default&#8221; background_color=&#8221;#000000&#8243; background_enable_color=&#8221;on&#8221; background_image=&#8221;https:\/\/bado.mx\/wp-content\/uploads\/2025\/04\/2500X560.png&#8221; background_enable_image=&#8221;on&#8221; link_option_url=&#8221;https:\/\/consultoraencomercioexterior.com&#8221; link_option_url_new_window=&#8221;on&#8221; locked=&#8221;off&#8221; global_colors_info=&#8221;{}&#8221; sticky_transition=&#8221;on&#8221;][\/et_pb_slide][et_pb_slide _builder_version=&#8221;4.27.4&#8243; _module_preset=&#8221;default&#8221; background_image=&#8221;https:\/\/bado.mx\/wp-content\/uploads\/2025\/04\/banner-cedime.jpg&#8221; background_enable_image=&#8221;on&#8221; link_option_url=&#8221;https:\/\/comercializadoracedimex.com&#8221; link_option_url_new_window=&#8221;on&#8221; locked=&#8221;off&#8221; global_colors_info=&#8221;{}&#8221; sticky_transition=&#8221;on&#8221;][\/et_pb_slide][\/et_pb_fullwidth_slider][\/et_pb_section][et_pb_section fb_built=&#8221;1&#8243; _builder_version=&#8221;4.16&#8243; _module_preset=&#8221;default&#8221; global_colors_info=&#8221;{}&#8221;][et_pb_row column_structure=&#8221;2_3,1_3&#8243; use_custom_gutter=&#8221;on&#8221; gutter_width=&#8221;2&#8243; disabled_on=&#8221;on|on|on&#8221; _builder_version=&#8221;4.16&#8243; _module_preset=&#8221;default&#8221; custom_padding=&#8221;2px|||||&#8221; disabled=&#8221;on&#8221; global_colors_info=&#8221;{}&#8221;][et_pb_column type=&#8221;2_3&#8243; _builder_version=&#8221;4.16&#8243; _module_preset=&#8221;default&#8221; global_colors_info=&#8221;{}&#8221;][et_pb_code _builder_version=&#8221;4.16&#8243; _module_preset=&#8221;default&#8221; global_colors_info=&#8221;{}&#8221;]<span><span><a href=\"https:\/\/bado.mx\/english\/\">Inicio<\/a><\/span><\/span>[\/et_pb_code][et_pb_text _builder_version=&#8221;4.16&#8243; _module_preset=&#8221;default&#8221; header_font=&#8221;|700|||||||&#8221; header_text_color=&#8221;#C91A3A&#8221; global_colors_info=&#8221;{}&#8221;]\n<h1>LEY ADUANERA<\/h1>\n[\/et_pb_text][et_pb_text _builder_version=&#8221;4.16&#8243; _module_preset=&#8221;default&#8221; header_2_text_color=&#8221;#FFFFFF&#8221; background_color=&#8221;#656565&#8243; custom_padding=&#8221;9px|||8px|false|false&#8221; border_color_all=&#8221;#9C9C9C&#8221; global_colors_info=&#8221;{}&#8221;]\n<h2>I. DISPOSICIONES GENERALES<\/h2>\n[\/et_pb_text][et_pb_text _builder_version=&#8221;4.16&#8243; _module_preset=&#8221;default&#8221; header_4_text_color=&#8221;#9C9C9C&#8221; custom_margin=&#8221;|||24px||&#8221; global_colors_info=&#8221;{}&#8221;]\n<h4 class=\"et_pb_toggle_title\"><strong>DEL AMBITO DE APLICACI\u00d3N Y PRINCIPIOS GENERALES<\/strong><\/h4>\n<div class=\"et_pb_toggle_content clearfix\">\n<p><a href=\"https:\/\/bado.mx\/english\/articulo-1-objeto-y-sujetos-de-esta-ley\/\"><strong>Art. 1- ART\u00cdCULO 1<\/strong>: OBJETO Y SUJETOS DE ESTA LEY<\/a><br \/><a href=\"https:\/\/bado.mx\/english\/articulo-2-definiciones\/\"><strong>Art. 2- ART\u00cdCULO 2:<\/strong> DEFINICIONES<\/a><br \/><strong>Art. 3-ART\u00cdCULO 3<\/strong>: AUXILIO DE LAS AUTORIDADES FEDERALES Y LOCALES A LA AUTORIDAD ADUANERA<br \/><strong>Art. 4-ART\u00cdCULO 4<\/strong>: OBLIGACIONES DE LOS ADMINISTRADORES DE PUERTOS Y AEROPUERTOS Y DE LOS PRESTADORES DE SERVICIOS EN TERMINALES FERROVIARIAS<br \/><strong>Art. 5-ART\u00cdCULO 5:<\/strong> ACTUALIZACI\u00d3N DEL MONTO DE LAS MULTAS Y DE\u2026<br \/><strong>Art. 6- ART\u00cdCULO 6:<\/strong> SISTEMA ELECTR\u00d3NICO ADUANERO<br \/><strong>Art. 7-ART\u00cdCULO 7:<\/strong> DATOS QUE DEBEN TRANSMITIR AL SAT LAS EMPRESAS\u2026<br \/><strong>Art. 8-ART\u00cdCULO 8:<\/strong> NAVES QUE NO SE SUJETAN A LO DISPUESTO\u2026<br \/><strong>Art. 9-ART\u00cdCULO 9:<\/strong> OBLIGACI\u00d3N DE DECLARAR LA INTERNACI\u00d3N O SALIDA DE\u2026<\/p>\n<\/div>\n[\/et_pb_text][et_pb_divider color=&#8221;#C91A3A&#8221; _builder_version=&#8221;4.16&#8243; _module_preset=&#8221;default&#8221; custom_margin=&#8221;||0px||false|false&#8221; custom_padding=&#8221;||0px|||&#8221; global_colors_info=&#8221;{}&#8221;][\/et_pb_divider][et_pb_text _builder_version=&#8221;4.16&#8243; _module_preset=&#8221;default&#8221; header_4_text_color=&#8221;#9C9C9C&#8221; custom_margin=&#8221;|||24px||&#8221; global_colors_info=&#8221;{}&#8221;]\n<h4 class=\"et_pb_toggle_title\"><strong>NOTIFICACIONES ELECTR\u00d3NICAS<\/strong><\/h4>\n<div>\n<p><strong>Art. 9A- ART\u00cdCULO 9-A:<\/strong> NOTIFICACIONES A TRAV\u00c9S DEL SISTEMA ELECTR\u00d3NICO ADUANERO<br \/><strong>Art. 9B- ART\u00cdCULO 9-B:<\/strong> NOTIFICACIONES POR ESTRADOS<br \/><strong>Art. 9C-ART\u00cdCULO 9C:<\/strong> REQUISITOS PARA NOMBRAR A LAS PERSONAS QUE RECIBAN&#8230;<br \/><strong>Art. 9D- ART\u00cdCULO 9D:<\/strong> C\u00d3MPUTO DE PLAZOS<br \/>A<strong>rt. 9E- ART\u00cdCULO 9E:<\/strong> D\u00cdAS QUE SE CONSIDERAN H\u00c1BILES<\/p>\n<\/div>\n[\/et_pb_text][et_pb_text _builder_version=&#8221;4.16&#8243; _module_preset=&#8221;default&#8221; header_2_text_color=&#8221;#FFFFFF&#8221; background_color=&#8221;#656565&#8243; custom_padding=&#8221;9px|||8px|false|false&#8221; border_color_all=&#8221;#9C9C9C&#8221; global_colors_info=&#8221;{}&#8221;]\n<h2>II. CONTROL DE ADUANA EN EL DESPACHO<\/h2>\n[\/et_pb_text][et_pb_text _builder_version=&#8221;4.16&#8243; _module_preset=&#8221;default&#8221; header_4_text_color=&#8221;#9C9C9C&#8221; custom_margin=&#8221;|||24px||&#8221; global_colors_info=&#8221;{}&#8221;]\n<h4 class=\"et_pb_toggle_title\">ENTRADA, SALIDA Y CONTROL DE MERCANC\u00cdAS<\/h4>\n<div>\n<p><strong>Art. 10- ART\u00cdCULO 10:<\/strong> ENTRADA O SALIDA DE MERCANC\u00cdAS POR LUGAR AUTORIZADO<br \/><strong>Art. 11- ART\u00cdCULO 11:<\/strong> MEDIOS PARA INTRODUCIR O EXTRAER MERCANC\u00cdAS<br \/><strong>Art. 12- ART\u00cdCULO 12:<\/strong> OBLIGACIONES EN ACCIDENTES A MEDIOS DE TRANSPORTE<br \/><strong>Art. 13-ART\u00cdCULO 13:<\/strong> QUI\u00c9N ES EL RESPONSABLE EN EL TRANSBORDO DE&#8230;<br \/><strong>Art. 14- ART\u00cdCULO 14:<\/strong> RECINTO FISCALIZADO CONCESIONADO<br \/><strong>Art. 14A- ART\u00cdCULO 14A:<\/strong> RECINTO FISCALIZADO AUTORIZADO<br \/><strong>Art. 14B- ART\u00cdCULO 14B:<\/strong> OBLIGACIONES DE LOS RECINTOS FISCALIZADOS CONCESIONADOS O AUTORIZADOS<br \/><strong>Art. 14C-ART\u00cdCULO 14C:<\/strong> AUTORIZACI\u00d3N A PARTICULARES PARA PRESTAR LOS SERVICIOS DE&#8230;<br \/><strong>Art. 14D- ART\u00cdCULO 14D:<\/strong> RECINTO FISCALIZADO ESTRAT\u00c9GICO<br \/><strong>Art. 15-ART\u00cdCULO 15:<\/strong> OTRAS OBLIGACIONES DE LOS RECINTOS FISCALIZADOS CONCESIONADOS O&#8230;<br \/><strong>Art. 16-ART\u00cdCULO 16:<\/strong> REQUISITOS PARA PRESTAR LOS SERVICIOS RELACIONADOS CON EL&#8230;<br \/><strong>Art. 16A-ART\u00cdCULO 16A:<\/strong> REQUISITOS PARA PRESTAR EL SERVICIO DE PREVALIDACI\u00d3N DE&#8230;<br \/><strong>Art. 16B-ART\u00cdCULO 16B:<\/strong> REQUISITOS PARA PRESTAR LOS SERVICIOS DE PROCESAMIENTO ELECTR\u00d3NICO&#8230;<br \/><strong>Art. 16C-ART\u00cdCULO 16C:<\/strong> REQUISITOS PARA PRESTAR SERVICIOS DE MEDICI\u00d3N DE PESO,&#8230;<br \/><strong>Art. 16D-ART\u00cdCULO 16D:<\/strong> REQUISITOS PARA FABRICAR O IMPORTAR CANDADOS OFICIALES O&#8230;<br \/><strong>Art. 17- ART\u00cdCULO 17:<\/strong> OBLIGACI\u00d3N DE PORTAR GAFETE<br \/><strong>Art. 18- ART\u00cdCULO 18:<\/strong> HORAS Y D\u00cdAS H\u00c1BILES<br \/><strong>Art. 19- ART\u00cdCULO 19:<\/strong> DESPACHO EN LUGAR DISTINTO AL AUTORIZADO<br \/><strong>Art. 20-ART\u00cdCULO 20:<\/strong> OBLIGACIONES DE CONDUCTORES Y PROPIETARIOS DE MEDIOS DE&#8230;<br \/><strong>Art. 21- ART\u00cdCULO 21:<\/strong> OBLIGACIONES DEL SERVICIO POSTAL MEXICANO<br \/><strong>Art. 22- ART\u00cdCULO 22:<\/strong> OBLIGACIONES DE REMITENTES POR V\u00cdA POSTAL<\/p>\n<\/div>\n[\/et_pb_text][et_pb_text _builder_version=&#8221;4.16&#8243; _module_preset=&#8221;default&#8221; text_line_height=&#8221;1em&#8221; header_4_text_color=&#8221;#9C9C9C&#8221; custom_margin=&#8221;|||24px||&#8221; global_colors_info=&#8221;{}&#8221;]\n<h4 class=\"et_pb_toggle_title\"><strong>II. DEPOSITO ANTE LA ADUANA<\/strong><\/h4>\n<p><strong><\/strong><\/p>\n<p><strong><\/strong><\/p>\n<div>\n<p><strong>Art. 23- ART\u00cdCULO 23:<\/strong> MERCANC\u00cdAS EN DEP\u00d3SITO ANTE LA ADUANA<\/p>\n<p><strong>Art. 24- ART\u00cdCULO 24:<\/strong> DEP\u00d3SITO DE MERCANC\u00cdAS DE PASAJEROS INTERNACIONALES EN TR\u00c1NSITO<\/p>\n<p><strong>Art. 25- ART\u00cdCULO 25:<\/strong> REQUISITOS PARA REALIZAR UN EXAMEN PREVIO DE MERCANC\u00cdAS<\/p>\n<p><strong>Art. 26-ART\u00cdCULO 26<\/strong>: OTRAS OBLIGACIONES DE LOS RECINTOS FISCALIZADOS CONCESIONADOS O&#8230;<\/p>\n<p><strong>Art. 27-ART\u00cdCULO 27:<\/strong> DESTRUCCI\u00d3N POR ACCIDENTE DE MERCANC\u00cdAS EN DEP\u00d3SITO ANTE&#8230;<\/p>\n<p><strong>Art. 28-ART\u00cdCULO 28:<\/strong> EXTRAV\u00cdO, DESTRUCCI\u00d3N O INUTILIZACI\u00d3N DE MERCANC\u00cdAS EN RECINTOS&#8230;<\/p>\n<p><strong>Art. 29- ART\u00cdCULO 29:<\/strong> CAUSALES Y PLAZOS DE ABANDONO DE MERCANC\u00cdAS<\/p>\n<p><strong>Art. 30- ART\u00cdCULO 30:<\/strong> C\u00d3MPUTO DE LOS PLAZOS DE ABANDONO DE MERCANC\u00cdAS<\/p>\n<p><strong>Art. 31- ART\u00cdCULO 31:<\/strong> ABANDONO DE EQUIPO ESPECIAL PARA MANIOBRAS<\/p>\n<p><strong>Art. 32-ART\u00cdCULO 32:<\/strong> PROCEDIMIENTO PARA QUE PASEN AL FISCO FEDERAL MERCANC\u00cdAS&#8230;<\/p>\n<p><strong>Art. 33- ART\u00cdCULO 33:<\/strong> CAUSAS QUE INTERRUMPEN LOS PLAZOS DE ABANDONO<\/p>\n<p><strong>Art. 34- ART\u00cdCULO 34:<\/strong> ANIMALES Y MERCANC\u00cdAS PERECEDERAS<\/p>\n<\/div>\n[\/et_pb_text][et_pb_text _builder_version=&#8221;4.16&#8243; _module_preset=&#8221;default&#8221; header_2_text_color=&#8221;#FFFFFF&#8221; background_color=&#8221;#656565&#8243; custom_padding=&#8221;9px|||8px|false|false&#8221; border_color_all=&#8221;#9C9C9C&#8221; global_colors_info=&#8221;{}&#8221;]\n<h2>II. CONTROL DE ADUANA EN EL DESPACHO<\/h2>\n[\/et_pb_text][\/et_pb_column][et_pb_column type=&#8221;1_3&#8243; _builder_version=&#8221;4.16&#8243; _module_preset=&#8221;default&#8221; global_colors_info=&#8221;{}&#8221;][et_pb_gallery gallery_ids=&#8221;129,128,127&#8243; fullwidth=&#8221;on&#8221; _builder_version=&#8221;4.16&#8243; _module_preset=&#8221;default&#8221; custom_margin=&#8221;||||false|false&#8221; custom_padding=&#8221;||40px||false|false&#8221; auto=&#8221;on&#8221; global_colors_info=&#8221;{}&#8221;][\/et_pb_gallery][et_pb_image src=&#8221;https:\/\/bado.mx\/english\/wp-content\/uploads\/2024\/05\/PUBLICIDAD.jpg&#8221; title_text=&#8221;PUBLICIDAD&#8221; _builder_version=&#8221;4.16&#8243; _module_preset=&#8221;default&#8221; custom_margin=&#8221;||||false|false&#8221; global_colors_info=&#8221;{}&#8221;][\/et_pb_image][\/et_pb_column][\/et_pb_row][et_pb_row column_structure=&#8221;2_3,1_3&#8243; use_custom_gutter=&#8221;on&#8221; gutter_width=&#8221;2&#8243; _builder_version=&#8221;4.16&#8243; _module_preset=&#8221;default&#8221; custom_padding=&#8221;2px|||||&#8221; global_colors_info=&#8221;{}&#8221;][et_pb_column type=&#8221;2_3&#8243; _builder_version=&#8221;4.16&#8243; _module_preset=&#8221;default&#8221; global_colors_info=&#8221;{}&#8221;][et_pb_code _builder_version=&#8221;4.16&#8243; _module_preset=&#8221;default&#8221; global_colors_info=&#8221;{}&#8221;]<h1 class=\"not-found-title\">No se encontraron datos<\/h1>[\/et_pb_code][\/et_pb_column][et_pb_column type=&#8221;1_3&#8243; _builder_version=&#8221;4.16&#8243; _module_preset=&#8221;default&#8221; global_colors_info=&#8221;{}&#8221;][et_pb_gallery fullwidth=&#8221;on&#8221; _builder_version=&#8221;4.27.2&#8243; _module_preset=&#8221;default&#8221; custom_margin=&#8221;||||false|false&#8221; custom_padding=&#8221;||40px||false|false&#8221; auto=&#8221;on&#8221; sticky_position=&#8221;top&#8221; sticky_limit_bottom=&#8221;row&#8221; hover_enabled=&#8221;0&#8243; global_colors_info=&#8221;{}&#8221; gallery_ids=&#8221;1154&#8243; sticky_enabled=&#8221;0&#8243;][\/et_pb_gallery][et_pb_image src=&#8221;https:\/\/bado.mx\/english\/wp-content\/uploads\/2024\/05\/PUBLICIDAD.jpg&#8221; title_text=&#8221;PUBLICIDAD&#8221; _builder_version=&#8221;4.16&#8243; _module_preset=&#8221;default&#8221; custom_margin=&#8221;||||false|false&#8221; global_colors_info=&#8221;{}&#8221; disabled_on=&#8221;on|on|on&#8221; disabled=&#8221;on&#8221;][\/et_pb_image][\/et_pb_column][\/et_pb_row][\/et_pb_section]\n","protected":false},"excerpt":{"rendered":"<p><span><span><a href=\"https:\/\/bado.mx\/english\/\">Inicio<\/a><\/span><\/span>LEY ADUANERAI. DISPOSICIONES GENERALESDEL AMBITO DE APLICACI\u00d3N Y PRINCIPIOS GENERALES Art. 1- ART\u00cdCULO 1: OBJETO Y SUJETOS DE ESTA LEYArt. 2- ART\u00cdCULO 2: DEFINICIONESArt. 3-ART\u00cdCULO 3: AUXILIO DE LAS AUTORIDADES FEDERALES Y LOCALES A LA AUTORIDAD ADUANERAArt. 4-ART\u00cdCULO 4: OBLIGACIONES DE LOS ADMINISTRADORES DE PUERTOS Y AEROPUERTOS Y DE LOS PRESTADORES DE SERVICIOS EN TERMINALES [&hellip;]<\/p>\n","protected":false},"author":1,"featured_media":0,"parent":0,"menu_order":0,"comment_status":"closed","ping_status":"closed","template":"","meta":{"_et_pb_use_builder":"on","_et_pb_old_content":"","_et_gb_content_width":"","footnotes":""},"class_list":["post-192","page","type-page","status-publish","hentry"],"yoast_head":"<!-- This site is optimized with the Yoast SEO plugin v23.6 - https:\/\/yoast.com\/wordpress\/plugins\/seo\/ -->\n<title>MEXICAN CUSTOMS LAW - Bado.com<\/title>\n<meta name=\"robots\" content=\"index, follow, max-snippet:-1, max-image-preview:large, max-video-preview:-1\" \/>\n<link rel=\"canonical\" href=\"https:\/\/bado.mx\/english\/mexican-customs-law\/\" \/>\n<meta property=\"og:locale\" content=\"es_ES\" \/>\n<meta property=\"og:type\" content=\"article\" \/>\n<meta property=\"og:title\" content=\"MEXICAN CUSTOMS LAW - Bado.com\" \/>\n<meta property=\"og:description\" content=\"LEY ADUANERAI. DISPOSICIONES GENERALESDEL AMBITO DE APLICACI\u00d3N Y PRINCIPIOS GENERALES Art. 1- ART\u00cdCULO 1: OBJETO Y SUJETOS DE ESTA LEYArt. 2- ART\u00cdCULO 2: DEFINICIONESArt. 3-ART\u00cdCULO 3: AUXILIO DE LAS AUTORIDADES FEDERALES Y LOCALES A LA AUTORIDAD ADUANERAArt. 4-ART\u00cdCULO 4: OBLIGACIONES DE LOS ADMINISTRADORES DE PUERTOS Y AEROPUERTOS Y DE LOS PRESTADORES DE SERVICIOS EN TERMINALES [&hellip;]\" \/>\n<meta property=\"og:url\" content=\"https:\/\/bado.mx\/english\/mexican-customs-law\/\" \/>\n<meta property=\"og:site_name\" content=\"Bado.com\" \/>\n<meta property=\"article:modified_time\" content=\"2025-05-02T19:57:19+00:00\" \/>\n<meta name=\"twitter:card\" content=\"summary_large_image\" \/>\n<meta name=\"twitter:label1\" content=\"Tiempo de lectura\" \/>\n\t<meta name=\"twitter:data1\" content=\"15 minutos\" \/>\n<script type=\"application\/ld+json\" class=\"yoast-schema-graph\">{\"@context\":\"https:\/\/schema.org\",\"@graph\":[{\"@type\":\"WebPage\",\"@id\":\"https:\/\/bado.mx\/english\/mexican-customs-law\/\",\"url\":\"https:\/\/bado.mx\/english\/mexican-customs-law\/\",\"name\":\"MEXICAN CUSTOMS LAW - Bado.com\",\"isPartOf\":{\"@id\":\"https:\/\/bado.mx\/english\/#website\"},\"datePublished\":\"2024-05-06T02:32:44+00:00\",\"dateModified\":\"2025-05-02T19:57:19+00:00\",\"breadcrumb\":{\"@id\":\"https:\/\/bado.mx\/english\/mexican-customs-law\/#breadcrumb\"},\"inLanguage\":\"es\",\"potentialAction\":[{\"@type\":\"ReadAction\",\"target\":[\"https:\/\/bado.mx\/english\/mexican-customs-law\/\"]}]},{\"@type\":\"BreadcrumbList\",\"@id\":\"https:\/\/bado.mx\/english\/mexican-customs-law\/#breadcrumb\",\"itemListElement\":[{\"@type\":\"ListItem\",\"position\":1,\"name\":\"Inicio\",\"item\":\"https:\/\/bado.mx\/english\/\"},{\"@type\":\"ListItem\",\"position\":2,\"name\":\"MEXICAN CUSTOMS LAW\"}]},{\"@type\":\"WebSite\",\"@id\":\"https:\/\/bado.mx\/english\/#website\",\"url\":\"https:\/\/bado.mx\/english\/\",\"name\":\"Bado.com\",\"description\":\"Base Aduanera Digital\",\"publisher\":{\"@id\":\"https:\/\/bado.mx\/english\/#organization\"},\"potentialAction\":[{\"@type\":\"SearchAction\",\"target\":{\"@type\":\"EntryPoint\",\"urlTemplate\":\"https:\/\/bado.mx\/english\/?s={search_term_string}\"},\"query-input\":{\"@type\":\"PropertyValueSpecification\",\"valueRequired\":true,\"valueName\":\"search_term_string\"}}],\"inLanguage\":\"es\"},{\"@type\":\"Organization\",\"@id\":\"https:\/\/bado.mx\/english\/#organization\",\"name\":\"Bado.com\",\"url\":\"https:\/\/bado.mx\/english\/\",\"logo\":{\"@type\":\"ImageObject\",\"inLanguage\":\"es\",\"@id\":\"https:\/\/bado.mx\/english\/#\/schema\/logo\/image\/\",\"url\":\"https:\/\/bado.mx\/english\/wp-content\/uploads\/2024\/05\/descarga-2-1.jpeg\",\"contentUrl\":\"https:\/\/bado.mx\/english\/wp-content\/uploads\/2024\/05\/descarga-2-1.jpeg\",\"width\":200,\"height\":89,\"caption\":\"Bado.com\"},\"image\":{\"@id\":\"https:\/\/bado.mx\/english\/#\/schema\/logo\/image\/\"}}]}<\/script>\n<!-- \/ Yoast SEO plugin. -->","yoast_head_json":{"title":"MEXICAN CUSTOMS LAW - Bado.com","robots":{"index":"index","follow":"follow","max-snippet":"max-snippet:-1","max-image-preview":"max-image-preview:large","max-video-preview":"max-video-preview:-1"},"canonical":"https:\/\/bado.mx\/english\/mexican-customs-law\/","og_locale":"es_ES","og_type":"article","og_title":"MEXICAN CUSTOMS LAW - Bado.com","og_description":"LEY ADUANERAI. DISPOSICIONES GENERALESDEL AMBITO DE APLICACI\u00d3N Y PRINCIPIOS GENERALES Art. 1- ART\u00cdCULO 1: OBJETO Y SUJETOS DE ESTA LEYArt. 2- ART\u00cdCULO 2: DEFINICIONESArt. 3-ART\u00cdCULO 3: AUXILIO DE LAS AUTORIDADES FEDERALES Y LOCALES A LA AUTORIDAD ADUANERAArt. 4-ART\u00cdCULO 4: OBLIGACIONES DE LOS ADMINISTRADORES DE PUERTOS Y AEROPUERTOS Y DE LOS PRESTADORES DE SERVICIOS EN TERMINALES [&hellip;]","og_url":"https:\/\/bado.mx\/english\/mexican-customs-law\/","og_site_name":"Bado.com","article_modified_time":"2025-05-02T19:57:19+00:00","twitter_card":"summary_large_image","twitter_misc":{"Tiempo de lectura":"15 minutos"},"schema":{"@context":"https:\/\/schema.org","@graph":[{"@type":"WebPage","@id":"https:\/\/bado.mx\/english\/mexican-customs-law\/","url":"https:\/\/bado.mx\/english\/mexican-customs-law\/","name":"MEXICAN CUSTOMS LAW - Bado.com","isPartOf":{"@id":"https:\/\/bado.mx\/english\/#website"},"datePublished":"2024-05-06T02:32:44+00:00","dateModified":"2025-05-02T19:57:19+00:00","breadcrumb":{"@id":"https:\/\/bado.mx\/english\/mexican-customs-law\/#breadcrumb"},"inLanguage":"es","potentialAction":[{"@type":"ReadAction","target":["https:\/\/bado.mx\/english\/mexican-customs-law\/"]}]},{"@type":"BreadcrumbList","@id":"https:\/\/bado.mx\/english\/mexican-customs-law\/#breadcrumb","itemListElement":[{"@type":"ListItem","position":1,"name":"Inicio","item":"https:\/\/bado.mx\/english\/"},{"@type":"ListItem","position":2,"name":"MEXICAN CUSTOMS LAW"}]},{"@type":"WebSite","@id":"https:\/\/bado.mx\/english\/#website","url":"https:\/\/bado.mx\/english\/","name":"Bado.com","description":"Base Aduanera Digital","publisher":{"@id":"https:\/\/bado.mx\/english\/#organization"},"potentialAction":[{"@type":"SearchAction","target":{"@type":"EntryPoint","urlTemplate":"https:\/\/bado.mx\/english\/?s={search_term_string}"},"query-input":{"@type":"PropertyValueSpecification","valueRequired":true,"valueName":"search_term_string"}}],"inLanguage":"es"},{"@type":"Organization","@id":"https:\/\/bado.mx\/english\/#organization","name":"Bado.com","url":"https:\/\/bado.mx\/english\/","logo":{"@type":"ImageObject","inLanguage":"es","@id":"https:\/\/bado.mx\/english\/#\/schema\/logo\/image\/","url":"https:\/\/bado.mx\/english\/wp-content\/uploads\/2024\/05\/descarga-2-1.jpeg","contentUrl":"https:\/\/bado.mx\/english\/wp-content\/uploads\/2024\/05\/descarga-2-1.jpeg","width":200,"height":89,"caption":"Bado.com"},"image":{"@id":"https:\/\/bado.mx\/english\/#\/schema\/logo\/image\/"}}]}},"_links":{"self":[{"href":"https:\/\/bado.mx\/english\/wp-json\/wp\/v2\/pages\/192","targetHints":{"allow":["GET"]}}],"collection":[{"href":"https:\/\/bado.mx\/english\/wp-json\/wp\/v2\/pages"}],"about":[{"href":"https:\/\/bado.mx\/english\/wp-json\/wp\/v2\/types\/page"}],"author":[{"embeddable":true,"href":"https:\/\/bado.mx\/english\/wp-json\/wp\/v2\/users\/1"}],"replies":[{"embeddable":true,"href":"https:\/\/bado.mx\/english\/wp-json\/wp\/v2\/comments?post=192"}],"version-history":[{"count":0,"href":"https:\/\/bado.mx\/english\/wp-json\/wp\/v2\/pages\/192\/revisions"}],"wp:attachment":[{"href":"https:\/\/bado.mx\/english\/wp-json\/wp\/v2\/media?parent=192"}],"curies":[{"name":"wp","href":"https:\/\/api.w.org\/{rel}","templated":true}]}}